 = f + -23. Suppose c = q + 4 - 43. What is the remainder when q is divided by 20?
19
Let d = 80 + -46. Let q be (5/(-1))/(-1) - 2. Suppose 0*z = -2*z + q*m + 6, 3*z + m = 20. What is the remainder when d is divided by z?
4
Let z be (-5)/25 + 332/10. Let g(i) = -i**2 - 7*i - 7. Let t be g(-3). Suppose -25 = t*k, 3*h - k = 2*k + z. Calculate the remainder when h is divided by 3.
0
Suppose 5*r - r + 2*c = -2, -4*r = 5*c - 7. What is the remainder when 2 - (3 - (38 - 2)) is divided by r + -1 - 0 - -12?
8
Let z = 191 - 164. Calculate the remainder when 106 is divided by z.
25
What is the remainder when 24 is divided by (41 + 5)*(-2)/(-4)?
1
Suppose -w = 4*f - 14, 4*f = -4*w + 2*w + 20. Let y(o) = 7*o - 246. Calculate the remainder when y(38) is divided by w.
2
Suppose 5*r + 13 = -4*s + 59, 24 = -4*r. Let y(p) = -p**3 + 6*p**2 - 6*p + 4. Let o be y(5). What is the remainder when ((-27)/12)/(o/16) is divided by s?
17
Suppose -21*k = -24*k - z + 10, 3*k - z - 14 = 0. What is the remainder when 9 is divided by k?
1
Suppose -26 = -10*k + 44. Suppose -2*w = -k*w + 25. What is the remainder when 27 is divided by w?
2
Suppose -j + 6 - 3 = 0. Suppose 4*n - j*n = 33. Suppose x - 10 = -v, 2*v + x - 23 = -4*x. Calculate the remainder when n is divided by v.
6
Suppose 4*c + 46 = -2*a + 292, 2*a = 2*c + 258. Suppose -141 + 8 = -3*d - 2*l, -130 = -3*d - 5*l. What is the remainder when a is divided by d?
37
Suppose 3*b - 4 = -b, 0 = -2*a - 4*b + 56. Suppose 2*n = 3*m - 115, -3*m + n = -0*m - 119. Let p = 142 - m. Calculate the remainder when p is divided by a.
23
Let a(t) = -8*t + 7. Let j(k) = 9*k - 7. Suppose 0 = -0*f + f + 6. Let l(x) = f*a(x) - 5*j(x). What is the remainder when l(8) is divided by 7?
3
Let r(m) = 6*m**2 + 5*m. What is the remainder when r(7) is divided by 33?
32
Let l = -1 - -12. Suppose r + 3 - l = 0. What is the remainder when 22 is divided by r?
6
What is the remainder when -3 - (-2 + -38 + -6) is divided by 35?
8
Let n be 16/(-72) - (-22)/18. Let m(p) be the third derivative of 7*p**4/24 - p**3/6 - 3*p**2. Calculate the remainder when 10 is divided by m(n).
4
Suppose -v = -6*v + 30. What is the remainder when ((-14)/v + 2)/(2/(-354)) is divided by 15?
14
Suppose 3*h - d = 114 - 44, -2*d + 67 = 3*h. Suppose -h - 64 = -z. Calculate the remainder when z is divided by 44.
43
What is the remainder when 65 is divided by 10/(-85) - (-2 + 514/(-34))?
14
Let a be (1110/14)/(-1) - 110/(-385). Let p = a - -92. Calculate the remainder when (-1)/(-2) + (-298)/(-4) is divided by p.
10
Suppose -121 = -3*d - 43. Suppose -2*n = 4*i + 36, 64 = -4*n - 2*i - d. Calculate the remainder when 2 is divided by 8/n*3*-2.
0
Let a be ((-5)/(-5))/((-4)/(-12)). Suppose -115 = a*h - 8*h. Suppose -8*l + 60 = -3*l. What is the remainder when h is divided by l?
11
Let f(v) = -5*v + 1. Suppose 5*s - 3 = -13. Let d = 70 - 50. Calculate the remainder when d is divided by f(s).
9
Let x = 56 - -14. Let z be (-3 + 19/3)*21. Let v = z - 46. Calculate the remainder when x is divided by v.
22
Let n be 2 + 1 - (6 - 1). Let x be (-452)/15 - n/15. Calculate the remainder when 18 is divided by (0 + x/(-21))*7.
8
Suppose -l - 4*p + 216 = 0, p - 3 = -8. Let z = -29 - -63. What is the remainder when l is divided by z?
32
Suppose -78 + 1723 = 5*d. What is the remainder when d is divided by 28?
21
Let c = -8 + 14. Suppose 4*r + 4 = c*r. Suppose -r*x + 30 = -6. Calculate the remainder when 53 is divided by x.
17
Suppose 0*k + 22 = -2*k. Let n = k + 11. Suppose 5*f - 3*s + n*s - 293 = 0, -5*s + 142 = 2*f. What is the remainder when f is divided by 16?
13
Suppose -4*r + 10 = r. Suppose -r*y = -3*y + 2. What is the remainder when (-2 - 2) + y + 45 is divided by 15?
13
Calculate the remainder when 1/(1/198) + 4 + -7 is divided by 18.
15
Suppose -3*u + c = -44, 6*u - u - c = 70. What is the remainder when 46 is divided by u?
7
Let n = 109 + -20. Suppose -46 = -3*c - 4*y, -4*c + 3*c + 12 = 3*y. What is the remainder when n is divided by c?
17
Suppose 1308 = 14*g + 2*u, 0 = g + g - 3*u - 200. Calculate the remainder when g is divided by 10.
4
Calculate the remainder when -35*(-8)/80*304 is divided by 13.
11
Suppose 11*j = 14*j - 12. Let l = 5 - 4. What is the remainder when j is divided by 0 + 4 + -1*l?
1
Suppose 3*s - 104 = 4*o + 64, 5*s + 4*o - 248 = 0. What is the remainder when 185 is divided by s?
29
Suppose 76*z - 56*z - 620 = 0. What is the remainder when z is divided by 18?
13
Suppose 0 = -2*o - 2 + 12. Calculate the remainder when ((-3)/4)/((-21)/(-1904)*-4) is divided by o.
2
Suppose 0 = -4*t + 18 + 14. Suppose 4 + t = 3*a. Let j(d) = 8*d - 8. Calculate the remainder when j(a) is divided by 13.
11
Let k(b) = -b**2 + 17*b - 55. Calculate the remainder when 14 is divided by k(12).
4
Let y = 94 - 42. Calculate the remainder when y is divided by 15.
7
Let z = 3 - -26. Suppose 3*c - 141 = 447. Let v = c + -110. Calculate the remainder when v is divided by z.
28
Let u = -425 + 412. Let w(b) = -6*b - 6. Let i be w(-4). Let l = u + i. Calculate the remainder when 14 is divided by l.
4
Suppose -z - 117 = -4*d + 163, 5*d - z - 350 = 0. Let v(o) = 9*o - 421. Calculate the remainder when d is divided by v(49).
10
Suppose 1 = -2*q - 4*z + 263, -3*q - 2*z + 409 = 0. What is the remainder when q is divided by 16?
11
Let i = -226 + 296. Calculate the remainder when i is divided by 20.
10
Suppose -22 = -2*s + 94. What is the remainder when s is divided by 23?
12
Suppose 184 - 608 = -4*y. Calculate the remainder when y is divided by 36.
34
Let h be 0*(-3 - -1)/2. Let l be 0/2 - (-1035)/9. Suppose 6*k - k - l = h. What is the remainder when k is divided by 12?
11
Let c(f) = 30*f + 276. Calculate the remainder when 77 is divided by c(-8).
5
Let o be 3 + -2 + -1 - -4. Suppose 4*w + 96 = o*p, 4*p = 7*p - w - 68. What is the remainder when (-4)/(-3)*(1476/(-16))/(-3) is divided by p?
19
Let u = -4 + 7. Suppose -u*p - 4 = -10. Suppose -4*r = r - 4*t - 190, -5*t = p*r - 43. What is the remainder when r is divided by 12?
10
Let z(k) = -k - 1. Let v be z(0). Let t be 1 + 2 - (-5)/v. Let b = t - -30. What is the remainder when b is divided by 15?
13
Let d(h) = 28*h**2 + 4*h + 4. Let l be d(-1). Suppose 19*o = 12*o + l. What is the remainder when 7 is divided by o?
3
Let s(y) = 20*y - 54. Let o(h) = 13*h**2 - h - 2. Calculate the remainder when s(5) is divided by o(-1).
10
Let u(r) = 5*r + 190. What is the remainder when 53 is divided by u(-34)?
13
Let z = -7 + 8. Let s(c) = 25*c**2 + c. Suppose 16 + 86 = o. What is the remainder when o is divided by s(z)?
24
Let g(t) = t**2 + 3*t + 1. Suppose 24947*u = 24941*u + 42. Calculate the remainder when u is divided by g(-3).
0
Let t(l) = -62*l - 2. Let i be t(-1). Suppose d = 4*d - i. Calculate the remainder when 77 is divided by d.
17
Let k(b) = -b**3 + 12*b**2 + 13*b + 8. What is the remainder when k(13) is divided by (-2)/(-3)*60/8?
3
Suppose -8*a - 216 = -5*p - 7*a, p - 2*a = 36. Calculate the remainder when 159 is divided by p.
27
Suppose z + 3*t = 33, 2*z - 3*t = 25 + 5. Let l = z + 31. What is the remainder when l is divided by 14?
10
Let s be 2/15 - 1565/(-75). Suppose -2*l + s = l. Suppose l = 2*d - 9. Calculate the remainder when d is divided by 3.
2
Suppose 28 = 3*v - 8. Suppose -9*c - b + 189 = -21, -14 = -c + 3*b. What is the remainder when c is divided by v?
11
Let j(m) = m + 11. Let w be j(-4). Suppose w*n - 240 = -n. What is the remainder when n is divided by 16?
14
Suppose -336 = 12*b - 20*b. What is the remainder when 629 is divided by b?
41
Suppose 0 = h + 4*d - 8 - 5, 5*h + 27 = 3*d. Let v be h - (1 - -1 - 6). Calculate the remainder when (-2 - v)*(-31)/3 is divided by 11.
9
Suppose -2*x = 4*h + 3*x - 33, -h + 12 = 2*x. Suppose 0 = -h*n - 0 - 2. Let i(v) = -11*v - 1. Calculate the remainder when 29 is divided by i(n).
9
Let l(x) = -2*x**3 + 20*x**2 + 3*x - 8. Calculate the remainder when ((-108)/2)/(18/(-27)) is divided by l(10).
15
Suppose 69*y - 56*y - 5109 = 0. What is the remainder when y is divided by 44?
41
Let x(i) = -i**3 - 13*i + 0 + 8*i**2 + 5 + 3 - 4. Calculate the remainder when 55 is divided by x(5).
13
Let r(p) = -p**3 + 8*p**2 - 6*p - 10. Calculate the remainder when r(-4) is divided by 47.
18
Let f be ((-45)/(-30))/(6/(-40)). Let k 